(l) = 8*l**3 + 2*l**2 - l + 3. Let p be v(2). Let d = -24 + p. What is the tens digit of d?
4
Let b = 419 + -282. Let m = 87 - 161. Let x = b + m. What is the units digit of x?
3
Let m = 6 - 6. Let h be m/(-1 - -3 - 0). Suppose -5*p + 3*o + 73 = 0, -5*p - 2*o + 68 = -h*o. What is the units digit of p?
4
Let z(a) = -a + 15. Let d be z(14). Let w be d*0*(-3)/(-6). What is the tens digit of (11 - 12)*(-21 + w)?
2
Let h(a) = 97*a + 121. What is the tens digit of h(14)?
7
Let c = 47 + -22. Suppose -y + 5*w = -3 - 22, 5*w + c = 5*y. Suppose -a + 2 = -y, -4*a + 52 = 2*p. What is the tens digit of p?
2
Suppose 12*u - 17*u = -425. Let v = u - -67. What is the tens digit of v?
5
Suppose -24*q + 4737 + 7695 = 0. What is the tens digit of q?
1
Let u be 0 - 1/((-2)/6). Suppose -30*c + 28*c + 56 = 0. Suppose u*y = 2*y + c. What is the tens digit of y?
2
Let n = 11 + 1. Suppose -5*i = -9*i + n. Suppose -4*m - i*j + 28 = -3*m, 4*j = m - 56. What is the units digit of m?
0
Let t(i) = i - 1. Let z be t(3). Suppose -z*n = -4*n + 110. What is the units digit of n?
5
Let g be (-20)/(-11) - 2/(-11). Suppose -c - 22 = -4*z + 6, g*z + 74 = -5*c. What is the units digit of 291/12 - (-4)/c?
4
Suppose -5614 = -5*m + 4*x - 8*x, 4492 = 4*m + 3*x. What is the tens digit of m?
2
Let d(q) = -q**3 - 3*q**2 + 4*q - 13. What is the tens digit of d(-9)?
3
Suppose -8*k - 48 = -4*k. Let h = 6 + k. What is the units digit of (2/h)/((-7)/693)?
3
Let f(r) = -r**3 + 5*r**2 - r - 4. Let z be f(4). Suppose 3*c = z*c - 300. What is the tens digit of c?
6
Let o = -52 - 261. Let m = 492 + o. What is the tens digit of m?
7
Suppose -4*s - 5 = -2*p + 13, -5*p = -2*s - 77. Suppose -12*i = -p*i - 30. What is the tens digit of (-5 - i) + 0 + 57?
5
Let y = 1104 + -1015. What is the units digit of y?
9
Let i(s) = 43*s + 3*s**2 - 32*s - 2 - 1. What is the tens digit of i(-5)?
1
Suppose 3*o + 35 = k, -o = -2*o + 5*k - 7. Let w = 10 + o. What is the units digit of -2*(-1)/(-4)*w?
1
Let o be ((-14)/(-28))/((-2)/68). Let t = 69 + o. What is the units digit of t?
2
Let o be (1 - (-22)/(-14))/(32/(-112)). Suppose -3*q - 3*u + 234 = 0, 0 = -4*q - o*u - u + 311. What is the units digit of q?
7
Let t(a) = 9*a**3 - 8*a**3 - 1 + 3*a - 6 - 5*a**2 + 0*a. Let w be 1*10/6*3. What is the units digit of t(w)?
8
Let c = -91 - -96. Suppose c*j = 58 + 202. What is the tens digit of j?
5
Let f be 1/1 - (-4 - 827). What is the units digit of f/(-40)*10/(-4)?
2
Let g(p) = -p**2 - 8*p + 15. Let k = -10 + -1. Let m be g(k). Let t = 19 + m. What is the units digit of t?
1
Let b be (-48)/10*1*(37 + -2). Let u = b - -294. What is the units digit of u?
6
Suppose -112 = -9*c + 11*c. Let j = c + 98. What is the tens digit of j?
4
Let x = 17 - 19. Let n be (11/33)/(x/18). What is the tens digit of -2*n/(-12)*-86?
4
Let o = 179 + -63. What is the tens digit of o?
1
Suppose -5*q + 66 = -99. Suppose -s + 54 = -q. Suppose 3*r - 276 = -s. What is the units digit of r?
3
Suppose -w = 2*w - o - 15, 2*w + 4*o - 10 = 0. Suppose w*p = 50 - 20. Suppose -68 - 334 = -p*n. What is the units digit of n?
7
Let q be 2/8 + 17/(952/210). Let o(h) = 6*h - h - h + 3. What is the units digit of o(q)?
9
Let p = 14 - 14. What is the tens digit of 7 - 3 - (-56 - p)?
6
Suppose 3 + 9 = 3*g. Suppose 0 = j - 2*b - 4, j - g*j - 2*b + 20 = 0. Suppose j*p + p = 98. What is the units digit of p?
4
Let u(m) = -4*m - 12. Let z(i) = -23*i**2 + 10*i + 4. Let b(x) = 8*x**2 - 3*x - 1. Let l(f) = -7*b(f) - 2*z(f). Let r be l(1). What is the tens digit of u(r)?
2
What is the tens digit of 6 - (11 - 10)/((-3)/711)?
4
Let y = 16 + -6. What is the units digit of (2 + -4)/(y/(-35))?
7
What is the hundreds digit of ((-593)/4)/((-11)/44)?
5
Let w = -6888 - -11706. What is the hundreds digit of w?
8
Suppose 340*g - 16830 = 331*g. What is the hundreds digit of g?
8
What is the units digit of 71/(((-31)/93)/(4/(-3)))?
4
Suppose -4*t + 210 = -t. Let i = t + -5. Let v = i + -12. What is the units digit of v?
3
Suppose 9*f - 5*f = -3*h + 16844, -4211 = -f - 4*h. What is the hundreds digit of f?
2
Let b(r) = r. Let g be b(4). Suppose -4*j = -x + 8, -g*x + j - 9 = 4. What is the units digit of (-41)/(-2)*(-8)/x?
1
What is the units digit of (-361)/(175/(-21) - -8)?
3
Let a = -7 + 10. Let g = 18 + a. What is the units digit of g?
1
Suppose 25 = -5*l, -411 = -4*q + 5*l + 114. What is the tens digit of q?
2
Suppose 2*q = 4*q - 312. Suppose q*x + 639 = 159*x. What is the tens digit of x?
1
Suppose -2 = 10*c - 9*c. Let l = c - 2. Let w(g) = -g**2 - 8*g - 4. What is the units digit of w(l)?
2
Let a(l) = l**2 - 9*l - 95. What is the units digit of a(-18)?
1
Let h(r) = 18*r**2 - r + 2. Suppose -3*a - 4*g = -29, 0*g - 15 = -3*a + 3*g. Suppose -5*n + 3*u = a, -2*u + 8 - 1 = -n. What is the tens digit of h(n)?
1
Let w(d) = d**3 + 5*d**2 - 6*d + 13. Let j be w(-5). Suppose j = 3*h - 2*t - 947, -655 = -2*h + 3*t. What is the hundreds digit of h?
3
Let m be 12/5*10/3. Let q = 20 - m. What is the units digit of q?
2
Let d = 145 + 410. What is the units digit of d?
5
Let y = -47 - -106. Let r = y - -4. What is the units digit of r?
3
Let q(g) = -g**3 + 12*g**2 - 3*g - 18. Let x be q(10). Let a = -77 + x. What is the units digit of a?
5
Let h(d) = -d - 10. Let j be h(-13). Suppose -j*v + c = 11, -v + 2*c = v + 6. What is the tens digit of -116*((-10)/v - 3)?
5
Suppose 0 = 8*c - 15*c - 28. What is the tens digit of (c - (-21)/(-2))*-2?
2
Let v = 0 - -84. Let f = 192 - v. What is the tens digit of f?
0
Suppose o - 4 = -o. Suppose -o*p = -49 + 7. What is the units digit of 721/p - (-4)/6?
5
Let o(f) = f**3 - 9*f**2 + f - 3. Let d be o(8). Let v = 96 + d. What is the units digit of v?
7
Let k(u) = -15*u**3 - 3*u - 3. Let l be k(-2). Let p = -47 + l. What is the units digit of p?
6
Let g be 21 + (-1 + 2 - -1). Let x be 0 + g + 10 + -7. Suppose 2*i - x = -4. What is the units digit of i?
1
Let w = 48 + -31. Suppose -3*g + 205 = -w. What is the tens digit of g?
7
Suppose 20 = 4*k - 12. Suppose 0 = -k*g - 3*g + 1430. What is the tens digit of g?
3
Let u(b) = -17*b - 84. What is the units digit of u(-6)?
8
Let k(b) = -1856*b + 2. What is the tens digit of k(-1)?
5
Suppose -62*x + 936 = -36*x. What is the tens digit of x?
3
Suppose -2*f + 2290 = -d, -5*d = 2*f - 2*d - 2282. What is the tens digit of f?
4
Let y(n) = -n + 6. Let r be y(6). Let p = 4 + r. Suppose -38 = -3*m - 2*i - 2, -5*i - 25 = -p*m. What is the units digit of m?
0
Let a(z) = z**2 + 3*z - 5. Let t be a(-8). Suppose -4*q - t = 5*o, 5*o - 40 = q - 0. What is the units digit of q/9*(-1 - 17)?
0
Let i = 112 + -71. Let f(o) = o**3 + 8*o**2 + 6*o - 4. Let t be f(-7). Suppose -n = n - 3*v - i, -t*v = n - 43. What is the units digit of n?
8
What is the units digit of ((-1)/((-2)/(-13)))/((-11)/770)?
5
Let v be 3/(-18) - 445/30. Let f = -11 - v. What is the units digit of -3 - 4/f - -50?
6
Let t be 5/(-5) + 13 - 0. Suppose -7*w = -t*w + 100. What is the units digit of w?
0
What is the hundreds digit of (21/3 - -302) + 5?
3
Let a(u) = 2*u + 1. Let f be a(3). Let t be 1038/(-42) - 2/f. Let o = t - -42. What is the units digit of o?
7
Suppose 0 = -h - 0*f - f + 106, -3*h + 3*f + 288 = 0. Suppose -12*u + 11*u = -h. What is the hundreds digit of u?
1
Let o = 794 + 208. What is the tens digit of o?
0
Let x(d) be the first derivative of 4*d**2 - 21*d - 3. What is the tens digit of x(9)?
5
Let c(g) = -g**2 + 6*g - 2. Let s be c(5). Suppose -25 = -5*n + 3*q + 49, -s*q = 3*n - 30. Let w = n - -8. What is the tens digit of w?
2
Suppose 6*b - 24 = 3*b. Let w = 23 - b. What is the units digit of w?
5
Suppose 5*q + 3*j = 9, -q - 16 + 1 = -5*j. Let g be 1 + (-6)/(-2) + -4. What is the units digit of q - 0 - (g + -36)?
6
Let b(k) = -k**3 - 3*k**2 - k + 2. Let v be -1 - (-2 + 6 + -2). Let p be b(v). Suppose -2*g - 32 = -3*g + p*h, -3*h = 9. What is the units digit of g?
7
Let t = -10 + 7. Let n(z) = -5*z**3 - 7*z**2 - z + 2. What is the units digit of n(t)?
7
Let t = 131 + -81. Suppose 5*i - t = -0*i. Suppose i*r = 14*r - 156. What is the units digit of r?
9
Let w be (0 + -3)*(-2)/(-3). Let y be (-8 - -19)*(46/(-2) + -3). What is the units digit of (y/(-55))/(w/(-5))?
3
Suppose 0 = 4*d - 8*d + 64. Let m(k) = 9*k - 40. What is the units digit of m(d)?
4
Let r(o) = o